
-15
What is 12 + 7 + -21 - (-2 + -5)?
5
1 + (-7 - (-10 + -3))
7
What is the value of 4 - 8 - (-3 + -13 - -6)?
6
What is the value of 4 - 0 - (26 - 3 - 7 - 2)?
-10
-12 - ((2 - -7) + 1 + -1 - 18)
-3
What is 44 + -50 - (2 - (-7 - 0))?
-15
34 - (6 - 5 - -15)
18
Calculate 28 + (27 - 54) + (-1 - (1 - 7)).
6
What is the value of (-17 - (-11 + -11 + 3)) + 11?
13
Calculate (-3 - -5) + (-15 - 10) + (-4 - -14).
-13
Evaluate 2 - (-56 - (-61 - -16)).
13
What is the value of 58 - (57 + (28 - 58))?
31
Evaluate -13 - (3 + 6 + -2 + -18 - -8).
-10
Evaluate 5 + 4 - (94 + -87).
2
Evaluate -2 - 12 - (-766 - -776).
-24
Evaluate -4 + -1 + (2 - -6).
3
Evaluate 40 - 53 - (8 + -25).
4
(9 - (15 + 8 - 7)) + -10
-17
Evaluate (-2 - -18) + (141 - 146).
11
Calculate (1 + 0 - 8) + (3 - (-3 - 10)).
9
16 - (13 + 4 + -16)
15
What is the value of -6 + (24 - (-8 - (2 - 9)))?
19
Evaluate 40 - (-17 + (83 - -7)).
-33
What is the value of 5 - (2 + -5 - (6 - 2 - 11))?
1
Calculate 4 - (7 - -4) - (0 + 0) - 5.
-12
What is 5 - (6 + -2 + -5 + 33)?
-27
What is 2 + -38 + 30 + -13?
-19
What is -2 - (6 + -5 + -2) - 11?
-12
What is the value of -5 + (1 - -13) + -27 + (1 - -18)?
1
What is (0 - (2 + 2)) + 65 + -39?
22
9 + (-36 - (12 + -24)) + 7
-8
Calculate 3 - (13 + (3 - (20 - 1))).
6
What is the value of -20 + 8 + -6 + (30 - 15)?
-3
Calculate 3 + (-3 - 0) + -2 + 3 + -7.
-6
Calculate (-1 - (15 + -6)) + -2 + 29.
17
What is -19 + -9 + 13 - (-2 - (-3 - -2))?
-14
Evaluate -7 - (2 - 5 - (-5 - -14 - 7)).
-2
Evaluate 14 - (38 + 13 + -27).
-10
Calculate (-3 - 1) + 841 + -814.
23
Calculate (1 - 1 - 0) + 684 + -705.
-21
What is 6 + 2 + 17 + 2?
27
-4 + -22 + 16 + (0 - (-1 + 21))
-30
Calculate 8 - (8 + ((-2 - 4) + 1 - 7)).
12
Calculate (2 - 16) + 17 + 0.
3
What is the value of 26 + -2 - (16 - (-5 - -14))?
17
-7 - (-1 + 3) - (-7 + -14 + 11)
1
What is (0 + 17 - 20) + -8 + -9?
-20
Calculate -9 + -8 - (-80 - -49).
14
What is the value of (5 + -18 - (-5 + -1)) + (-14 - -1)?
-20
What is 1 + -2 - (-3 - -1) - (-3868 - -3857)?
12
Evaluate -12 - (-6 - 6 - -17).
-17
Evaluate 19 - (6 - (-2 + 0) - (-6 - -11)).
16
What is the value of 22 - (5 + -9) - 14 - 3?
9
What is -17 + -10 + 62 + -60?
-25
What is (10 - (-20 + 12)) + (-3 - -2)?
17
10 + -16 + 31 + -32 + 30
23
Calculate 5 - (104 - 102 - (2 - (-1 + 2))).
4
Evaluate 25 + (15 + -35 - 8).
-3
Calculate -1 + (7 - 7) + (4 + -6 - -10).
7
Calculate -4 + 20 + 5 - (21 + -10).
10
What is the value of (12 - 12) + 9 + -13?
-4
Calculate -3 - -13 - -3 - (-51 + 49).
15
(-13 - (-24 + 19)) + 18
10
Calculate 2 + 7 + -8 + 1 + -4 + -2.
-4
What is (-5 - 13) + (2 - (6 + -13))?
-9
Calculate 14 + -18 + (26 - 9 - 7).
6
What is the value of (-9 - -4) + 4 - (-13 - -2)?
10
What is the value of -18 + 0 + -1 + 2547 + -2538?
-10
What is -12 - (24 - 7 - 48)?
19
Calculate -7 + (0 - -5) + (0 + 18 - 27).
-11
Evaluate 2 - (17 + 2 - 17).
0
Evaluate 14 - (33 - (26 + -13)).
-6
-1 - 5 - (-14 + 3)
5
Evaluate 2 + 6 + -11 + -2 + -6 + 3.
-8
What is the value of -35 + (4 - (4 + -7)) + 6?
-22
What is the value of 13 + -23 + (6 - -1)?
-3
5 - (-9 - (-3 + 0 + -15)) - 8
-12
What is the value of 4 + 2 - (-9 - (-2 - 4))?
9
What is the value of (-69 + 66 - (7 - 0)) + 4?
-6
What is 31 - 28 - (7 + 0 + -3 + 4)?
-5
Evaluate -25 - -9 - (-45 + 37).
-8
Calculate -2 - (-19 + 5 - -17).
-5
6 + (6 - 3) + (-20 - 1)
-12
8 - (4 + (-7 - -15))
-4
(0 - 1 - 4) + -56 + 45 + -4
-20
What is the value of (0 - (0 - ((-4 - -10) + -3))) + 2?
5
What is (-8 - (2 - 5) - (-3 + -1)) + 14?
13
Calculate 8 + (-4 - -11) + -15 + -2 + 0.
-2
Evaluate -24 + 22 - (3 - (-2 - -4)).
-3
Calculate -8 + (-29 - -16) - -10.
-11
Calculate 9 - -1 - (-14 + 41 - -12 - 6).
-23
What is -32 - -35 - (6 - 1)?
-2
What is 8 + (13 - (11 - -28) - (2 + 10))?
-30
Evaluate -19 + 9 + -4 + 15.
1
18 - (0 + (-2 + -5 - (0 - 7)))
18
What is 14 + (-12 - (-6 + 10) - -25)?
23
-30 - (-3 - 0 - (-105 + 102))
-30
(-102 - -102) + (-1 - 1)
-2
What is the value of 7 + -2 - ((17 - 3) + 2 + 1)?
-12
-34 + 30 + -49 + 24
-29
What is -3 + (-3 + 0 - 4) + (7 - -9)?
6
What is 18 + 21 + -29 + 4 + (-3 - 1)?
10
What is the value of 10 + 0 + -687 + 694?
17
Calculate (1 - ((-2 - -7) + -17)) + -6 + 4.
11
Calculate 135 - 169 - (-3 + -10).
-21
What is the value of -16 + -11 + 3 + -2?
-26
5 + (-3 - 5) - (21 + -24)
0
What is 8 + (-15 - -4) - 12?
-15
Evaluate 30 + -81 + 31 - -31.
11
8 + -12 - (-6 - 2) - 13
-9
Calculate -39 + (47 - 23 - -4).
-11
What is (0 - -48) + (-463 - -421)?
6
Evaluate (-837 - -859) + 0 + -26.
-4
What is -45 + (54 - 16) - (-1 - 11)?
5
What is -1 + (0 - 1 - -2) + -38 + 29?
-9
Calculate (45 - (37 + -43)) + -39.
12
Calculate (-23 - -21) + (0 - 2).
-4
What is the value of 11 + (-7 - -1 - (-9 - (-5 + -4)))?
5
What is 10 - (12 - (-10 - 9))?
-21
Calculate (-10 - (1 + 0 - (7 + -3))) + -1.
-8
What is 5 + -11 + 4 + -13 - -2?
-13
Calculate 4 + 3 + -6 + 9 - (18 + -14).
6
Calculate -16 - (0 + -11 - 43).
38
8 - (12 + (-2 - 7 - -7))
-2
Evaluate 7 + -5 + (10 - 14) + (-5 - 21).
-28
Calculate 30 + -11 + -9 + 1.
11
What is 7 + -9 + -6 - (-8 - -10)?
-10
Evaluate -2 + 10 + -3 + -2.
3
0 + 21 - -4 - 4
21
Calculate -999 + 1011 + 2 + -27 + 1.
-12
Evaluate -8 - (-9 + 10 + 11) - -4.
-16
What is -20 - -1 - (-4 - (66 - 82))?
-31
Calculate -123 - -98 - ((3 - 5) + -1 - 2).
-20
(3 - -2) + 4 - -10
19
0 + -5 - (2 - (-55 + 49))
-13
-2 - -5 - (-2 + -5) - 8
2
Calculate 11 - (5 + -12 + 4 - -3).
11
What is (-19 + -10 + 10 - -16) + -4 + -1?
-8
Evaluate (30 - (-6 + 19)) + (-5 - 4) + 4.
12
Evaluate (-27 - 1 - 3) + 23.
-8
Evaluate -1 + 2 + 7 + (0 - (30 + -7)).
-15
Evaluate -16 + 1 + 1 + 9.
-5
What is 4 + 690 + -690 + (-11 - (0 - -1))?
-8
Calculate 29 + -3 + (-18 - (29 + -63)).
42
Evaluate -7 + -5 - (-8 - (5 + -5)) - 13.
-17
Calculate -12 + -1 - (-4 - (1 - -4)).
-4
-3 + 18 - ((4 - -1) + -1)
11
-12 - (61 - 49 - (15 + -2))
-11
What is -1 + 1 - (-103 + 92) - -4?
15
Evaluate 64 + -53 + (-2 + 0 - -6).
15
-44 + 36 + 5 + -16 + 5 + -3
-17
Calculate 12 + 0 + 3 + 10 + -21 + 1.
5
What is (-6 - (5 + -8 + -12 + 1)) + -4?
4
-30 - (-12 - 17 - -16)
-17
Evaluate (6 - (30 + (5 - (4 + 6)))) + 3.
-16
What is (-1 - -13) + -11 - -8?
9
What is the value of 11 - (-12 - (-66 - (-10 - -1)))?
-34
What is the value of 5 + -1 + (-3 - (43 + -19 + -6))?
-17
What is the value of -3 - ((2 - 26) + -1 + 2)?
20
What is -19 + 9 + 47 + (8 - 17)?
28
What is (-1 - -22) + (-15 - 26)?
-20
Calculate (3 + (-7 - -5) - -6) + -4.
3
Evaluate (-27 - -10) + -1 + 5 + -1.
-14
Evaluate -13 + (12 - (-1 + -11)).
11
-294 - -307 - (3 - 2)
12
Evaluate (1 - 15) + (13 - 0) + -5.
-6
What is -17 + -8 + -14 + 24?
-15
Evaluate (25 - 13) + 9 - 25.
-4
What is the value of -6 + 0 + 3 + (17 - 6 - 6)?
2
What is 33 + (23 - 28) + -20?
8
What is the value of 90 + -80 - (2 + 12)?
-4
Calculate (4 - (26 + -15)) + (10 + -1 - 0).
2
Evaluate -11 + (4 - (-11 - (-21 + 9)) - 6).
-14
What is 5 + -1 - -2 - (2 + 4) - 3?
-3
What is the value of 6 + (-7 - -2) + -4 + -14 + 9?
-8
Evaluate 3 + -5 - 1 - (-17 - (-11 - -25)).
28
What is the value of -14 + 3 + (-4 - -4)?
-11
What is the value of 6 + -6 - 8 - (-27 - -1)?
18
What is -5 - (-11 - (-8 - 8))?
-10
What is the value of -6 + (27 - 12) + -1 + -14?
-6
(-64 - -55) + (1 + -1 - -1)
-8
What is (-23 + 3 - -40) + -22?
-2
Calculate (-55 - -44) + -3 + 0 + -19.
-33
What is the value of -6 - (-30 + (26 - 13))?
11
What is the value of 42 - 70 - -24 - -29?
25
-11 - -1 - (339 - 354)
5
Evaluate -28 - -42 - (11 - (4 + -1)).
6
Calculate -5 - (17 + -33 - -3).
8
Evaluate ((-30 - -5) + 22 - -9) + (-2 - 2).
2
Evaluate -44 + (5 - ((3 - -3) + -31 + 19)).
-33
Calculate -21 + (-20 - -20) - -16.
-5
Evaluate (127 + -133 - (-10 - (0 - 0))) + 4.
8
Calculate (-316 - -312) + (-2 - -24).
18
-36 + (24 - ((12 - 12) + 10))
-22
Calculate 1 - 6 - (-14 - -27 - 14).
-4
What is 22 + -10 + 12 + -11?
13
What is the value of 83 + -91 + 10 + -2 + 0 - 6?
-6
What is 2 + 6 - 2 - (-437 - -430)?
13
Evaluate -126 - -120 - (-3 - (1 + -6)).
-8
What is the value of -21 + (1 - 1 - (7 - (3 - -11)))?
-14
Evaluate 13 - (10 + -7 + 3) - (7 + 13).
-13
What is the value of 2 + (0 - (4 - (-3 + (-4 - -8))))?
-1
What is 0 + 13 + -16 + 14?
11
What is the value of 18 + (-8 - 12) + 2 + 7?
7
Calculate 74 - 80 - (-29 - -4).
19
Evaluate (-8 - -12) + -2 + 4 + 7 + -24.
-11
Evaluate (20 - 7) + (-6 - -6).
13
What is 1 - -27 - 8 - 4?
16
Evaluate